*r = -3*q - 25. Suppose -5*o - 72 = -r*o. What is the units digit of o?
4
What is the tens digit of (-2)/(16/(-60))*6?
4
Suppose 5*k = 2*n - 482, -k - 474 = -0*n - 2*n. What is the hundreds digit of n?
2
Suppose w - 2*w = -3. Let o(r) = -r**3 - 5*r**2 - 2*r + 9. Let k(p) = p - 1. Let g(l) = w*k(l) + o(l). What is the units digit of g(-5)?
1
Suppose -3*d + 11 = -k, k - 5 = -4*d + 5. What is the units digit of 42/4 - d/2?
9
What is the hundreds digit of (362/3 - 0) + 2/6?
1
Suppose -3*v + 9 = -3*a, 2*v + 3*v - 11 = 3*a. Let f(l) = 3*l**2 - l - 4. What is the tens digit of f(a)?
1
Suppose 0 = 3*i + 4*o - 3*o - 110, -5*i + 4*o + 155 = 0. What is the units digit of i?
5
Let i = 3 + -5. Let b be (24/(-3) - i)/(-1). Let v = -4 + b. What is the units digit of v?
2
Let p(u) = 11*u**2 - 9*u + 3. Let r(x) = 4*x**2 - 3*x + 1. Let w(g) = -6*p(g) + 17*r(g). What is the tens digit of w(2)?
1
Let b be (-4)/(-22) + (-62)/(-22). What is the tens digit of 21 + b/(3/1)?
2
Let h(b) = -5*b + 12. Let r(y) = -6*y + 13. Let c(o) = 7*h(o) - 6*r(o). Let j be c(0). Suppose 0 = -5*i + 3*i + j. What is the units digit of i?
3
Let k = -5 + 13. Let t = k - 4. Suppose 0 = -j + a + 3, 2*j + 0*a = -t*a - 6. What is the units digit of j?
1
Suppose 172 = -4*p + 16. Let x be p/4*(-4 + 0). Suppose 4*f - 14 = 2*d, -d - 2*d = 4*f - x. What is the units digit of f?
6
Let a(i) = -i**3 + 5*i**2 + 2*i - 2. Let r be (-1 + 9/(-6))*-2. What is the units digit of a(r)?
8
Let o = -127 + 77. What is the units digit of -8 - o - 2*1?
0
Let i be (2 - (-27)/(-2))*2. Let f = -6 - i. What is the tens digit of f?
1
What is the tens digit of 274/8 + (-1)/4?
3
Let l(c) = -c**2 - 16*c - 14. What is the tens digit of l(-6)?
4
Let h = -8 - -4. What is the tens digit of h/6 - (-213)/9?
2
Let o = 0 - 0. Suppose -5*j - 5*u = -20, j + 4*u = -2 - o. Let w = 23 - j. What is the units digit of w?
7
Suppose -2*u + u - j = -5, u - 4*j - 20 = 0. Let m = 156 + -138. Suppose -5*h + q + 61 = 0, h + 2*q - m + u = 0. What is the tens digit of h?
1
Suppose -4*x = -0*x + 28. Let b(h) = -h + 0*h + 2 + 2. What is the units digit of b(x)?
1
Let s(x) = 3*x**2 - 21*x + 10. Let h(u) = u**2 - 10*u + 5. Let v(t) = 5*h(t) - 2*s(t). Let f be v(-9). Let n = -2 - f. What is the units digit of n?
2
Suppose 3*s - 106 = 182. What is the tens digit of s?
9
Let c be ((-9)/12)/((-1)/(-4)). Let d = -1 - c. What is the tens digit of (-6 - -2)/(d/(-7))?
1
Suppose -6*f + 270 = 3*g - 4*f, -f = -3*g + 261. What is the units digit of g?
8
Suppose q + 5*o = 5*q + 4, o - 4 = 0. Suppose -q*b = -3 - 77. What is the units digit of b?
0
Let c(z) = 36*z - 4. Let s be c(4). Suppose 0*w - 2*w = -s. Suppose -5*n - 3*f = f - w, 3*f + 15 = 0. What is the tens digit of n?
1
Let s(j) = -j - 5. Let x be s(-6). Suppose 0 = -2*k - 2*r + 14, -3*r + x = -2*k - 0*r. Suppose -k*h + 35 = h. What is the units digit of h?
7
What is the tens digit of (-26)/(-3)*6 - 4?
4
Let y(a) = -a**3 + 9*a**2 - 9*a - 3. What is the units digit of y(7)?
2
Let p be (-1 - -6) + (-6)/(-2). Suppose -p = -5*d + 7. What is the units digit of d?
3
Suppose 14 = 3*v - c, v - 3*c + 23 = 5*v. Let d(i) = -v*i - 8 + i**2 + 0 + 2*i. What is the tens digit of d(6)?
1
Let p be (-8 + 7)/(2/(-190)). Suppose 3*q + 0*j - j = 143, 2*q - j - p = 0. What is the tens digit of q?
4
Let t be -3 + (-1 - (-10 - -3)). Let d(v) = 19*v + 2. What is the units digit of d(t)?
9
Let z(g) = g**2 + 9*g - 14. What is the tens digit of z(-12)?
2
Suppose -5*j + 20 = -5*i, -4*i = -4*j + 2*j + 8. Let n(d) = -d**2 - 6*d - 6. Let c be n(-4). Suppose -j*m + 10 = -c*m. What is the units digit of m?
5
Suppose -3*r + 5*r - 42 = 0. What is the units digit of ((-90)/(-21))/(3/r)?
0
Suppose -5*o + 87 = -2*j + 4*j, 0 = -4*o + 12. Suppose -5*l = -l + j. Let s(c) = -c - 5. What is the units digit of s(l)?
4
Suppose 0 = -6*p + 3*p + 81. What is the tens digit of p?
2
Suppose -2*y - 41 = -4*z + 3*y, -y = -z + 11. What is the tens digit of z?
1
Suppose -3*r = 47 - 521. What is the tens digit of r?
5
Let u = 7 + -2. What is the units digit of u?
5
Let i be (-3 + 1)/(1/(-123)). Suppose 4*t - i = t. Suppose 5*s - 2*c - t = -4*c, 3*s = 2*c + 46. What is the units digit of s?
6
Let y be ((-2)/(-4))/((-2)/(-12)). Suppose 5*m - 157 = -p - y*p, -m + 5*p = -14. What is the tens digit of m?
2
What is the tens digit of -3 + (11 - -4) - (-1 + 0)?
1
Let f(c) = 7 + c + 0*c + 2*c. Let a be f(6). Suppose 4*s = -s + a. What is the units digit of s?
5
Let x(t) = -t**3 + 13*t**2 - 32*t + 3. What is the tens digit of x(9)?
3
Let l(q) = q + 3. Let g be l(9). What is the tens digit of 114/8 - (-9)/g?
1
Let w be (10 + -1)/((-2)/(-2)). Let j = w - -7. What is the tens digit of j?
1
Let y = 39 + 31. Let p = y - 44. What is the units digit of p?
6
Suppose -p - 3*v = -18, -2*p + 2*v - 54 = -5*p. Suppose 0 = p*q - 15*q - 168. What is the units digit of q?
6
Let g = 11 + -6. Suppose -c = p - 9, -3*p + 27 = 4*c - g. Suppose z + 5 = 2*z, -p*u + z = -3. What is the units digit of u?
2
Suppose a - 5 = 4. What is the units digit of a?
9
Suppose -83 + 234 = 5*y + 2*x, -3*y + 97 = -2*x. What is the tens digit of y?
3
Let o = 20 + 2. What is the units digit of o?
2
Suppose -4*x = 5*i - 75, 5*x - i - 95 = -6*i. What is the units digit of x?
0
Suppose -5*g + 4*g + 8 = 0. What is the units digit of ((-18)/g)/((-27)/72)?
6
Suppose -4*a = n + 2*n - 53, 5 = -n. Let z(l) = 2*l**2 - 2*l - 2. Let q be z(2). What is the units digit of a/2 + (-1)/q?
8
Let d = 2 - -40. Let c = 24 - d. Let h = -11 - c. What is the units digit of h?
7
Let i = 11 - -42. What is the tens digit of i?
5
Let w(s) = s**3 + 9*s**2 + 9*s. What is the tens digit of w(-7)?
3
Let i be 1*(2/1 - 1). Let m = 4 - i. Suppose -5*r + m = -2*r. What is the units digit of r?
1
Let b = 58 - 33. Let l = -10 + b. What is the tens digit of l?
1
Suppose 18 = 5*k - 2. Suppose k*t - 130 = 2*y, -4*t + 145 = 3*y - 2*y. What is the tens digit of t?
3
Suppose 2*z - 4*d = 36, 3*d + d + 8 = 0. Suppose -z = -3*f - 5. What is the units digit of f?
3
Suppose n + 6*i - 2*i = 261, 0 = -n - 3*i + 260. What is the units digit of n?
7
Suppose -h - 57 = -4*h. Suppose -2*p = 3*i - h, 0*i + 13 = p - 2*i. What is the tens digit of p?
1
Suppose 2*k - 2 = 4. Suppose k*w - 18 = w. What is the units digit of w?
9
Suppose -3*j + 8 = -2*f, 4*j - 42 = -4*f + 2. Let k be (j/18)/((-2)/(-156)). Let s = k - 15. What is the tens digit of s?
1
What is the tens digit of (-4)/(-14) + (-4020)/(-42)?
9
Let i(k) = k**2 - k + 5. Let l be i(-6). What is the units digit of (-6)/(-21) - l/(-7)?
7
Suppose -6 = -m + 2*b, -4*m - 5*b = -8*b - 9. Suppose m = 3*l - 10 + 1. Suppose 48 - l = 5*k. What is the units digit of k?
9
Let m = -18 + 7. Let o = m + 15. Suppose 2 = -2*f + o, g - 8 = -2*f. What is the units digit of g?
6
Suppose -3*a + 5*y + 299 = 0, 390 = 4*a + 5*y - 3*y. What is the units digit of a?
8
Suppose -28 = 15*f - 11*f. Let a = f + 14. What is the units digit of a?
7
Let s(t) = t**3 + 2*t**2 - t. Let m be s(1). Suppose 0 = 2*w + m, -23 = -j + 4*w - 4. What is the units digit of j?
5
Let r(i) = i**2 - 6*i + 13. Let f(w) = -3*w**2 + 19*w - 38. Let a(c) = 6*f(c) + 17*r(c). Let v(m) = m**2 + m - 2. Let p be v(3). What is the tens digit of a(p)?
1
Suppose -50 - 28 = -3*h. What is the units digit of h?
6
Suppose 0 = -6*c + c. Suppose 0 = -c*m + m. Let g(p) = p**2 + p + 1. What is the units digit of g(m)?
1
Let y = 116 + -135. Suppose s - 3*s - 18 = 0. Let v = s - y. What is the units digit of v?
0
Suppose -5*t + 4*k + 16 = -3*t, -3*t - 4*k = -14. Suppose 2*x = 3*x - t. What is the units digit of x?
6
Let z(k) = -k**3 + 8*k**2 + 2*k + 17. What is the tens digit of z(5)?
0
Let r(l) = 2*l + 12. Let b be r(-9). Let s be (-6 - 0)*(-6)/b. Let k(g) = g**3 + 6*g**2 - 2*g - 1. What is the units digit of k(s)?
1
Suppose -263 = -4*n - 0*n + u, -2*n + 3*u = -139. Suppose 43 = 3*z - n. What is the tens digit of z?
3
Let l = 6 - 1. Suppose l*t = -3*x - 0 + 3, 12 = -3*x. Suppose 2*j - 7*j - t*d = -8, 2*j - d = 12. What is the units digit of j?
4
Let b = 8 + -6. Suppose 5*q = -w + 240, -140 - 95 = -5*q - b*w. What is the units digit of q?
9
Suppose 2*t = -2*q - 0*t - 10, 3*t + 15 = 0. Suppose 2*c - 1 - 3 = q. Suppose -d - c*b - 3*b + 20 = 0, d - 2*b = -1. What is the units digit of